late the remainder when 635 is divided by 294.
47
What is the remainder when 254 is divided by 218?
36
Calculate the remainder when 59 is divided by 15.
14
What is the remainder when 511 is divided by 103?
99
Calculate the remainder when 11 is divided by 3.
2
Calculate the remainder when 168 is divided by 17.
15
Calculate the remainder when 7060 is divided by 33.
31
What is the remainder when 33 is divided by 19?
14
What is the remainder when 127 is divided by 33?
28
Calculate the remainder when 127 is divided by 19.
13
Calculate the remainder when 339 is divided by 32.
19
What is the remainder when 16 is divided by 3?
1
What is the remainder when 63 is divided by 24?
15
Calculate the remainder when 358 is divided by 40.
38
Calculate the remainder when 656 is divided by 14.
12
What is the remainder when 430 is divided by 69?
16
Calculate the remainder when 173 is divided by 46.
35
What is the remainder when 1181 is divided by 118?
1
What is the remainder when 164 is divided by 43?
35
What is the remainder when 523 is divided by 154?
61
What is the remainder when 196 is divided by 100?
96
What is the remainder when 416 is divided by 4?
0
Calculate the remainder when 125 is divided by 18.
17
What is the remainder when 280 is divided by 84?
28
Calculate the remainder when 173 is divided by 52.
17
What is the remainder when 602 is divided by 61?
53
What is the remainder when 258 is divided by 44?
38
Calculate the remainder when 860 is divided by 835.
25
What is the remainder when 950 is divided by 76?
38
Calculate the remainder when 108 is divided by 10.
8
What is the remainder when 612 is divided by 307?
305
What is the remainder when 317 is divided by 7?
2
What is the remainder when 31 is divided by 31?
0
What is the remainder when 437 is divided by 63?
59
What is the remainder when 703 is divided by 71?
64
What is the remainder when 55 is divided by 13?
3
What is the remainder when 16831 is divided by 8?
7
What is the remainder when 835 is divided by 30?
25
What is the remainder when 800 is divided by 202?
194
Calculate the remainder when 1452 is divided by 7.
3
Calculate the remainder when 457 is divided by 31.
23
What is the remainder when 246 is divided by 24?
6
What is the remainder when 1015 is divided by 992?
23
Calculate the remainder when 184 is divided by 91.
2
What is the remainder when 101 is divided by 11?
2
Calculate the remainder when 245 is divided by 11.
3
Calculate the remainder when 30 is divided by 18.
12
Calculate the remainder when 22110 is divided by 19.
13
Calculate the remainder when 368 is divided by 129.
110
What is the remainder when 1063 is divided by 63?
55
What is the remainder when 2505 is divided by 132?
129
What is the remainder when 635 is divided by 71?
67
What is the remainder when 555 is divided by 551?
4
Calculate the remainder when 85 is divided by 43.
42
Calculate the remainder when 331 is divided by 70.
51
What is the remainder when 501 is divided by 109?
65
Calculate the remainder when 42 is divided by 11.
9
What is the remainder when 5737 is divided by 7?
4
Calculate the remainder when 345 is divided by 59.
50
Calculate the remainder when 13 is divided by 13.
0
Calculate the remainder when 143 is divided by 36.
35
What is the remainder when 418 is divided by 148?
122
What is the remainder when 743 is divided by 24?
23
What is the remainder when 74 is divided by 5?
4
What is the remainder when 4476 is divided by 95?
11
What is the remainder when 109 is divided by 38?
33
What is the remainder when 757 is divided by 322?
113
Calculate the remainder when 87 is divided by 32.
23
Calculate the remainder when 8341 is divided by 398.
381
What is the remainder when 107 is divided by 20?
7
Calculate the remainder when 1159 is divided by 7.
4
Calculate the remainder when 676 is divided by 221.
13
What is the remainder when 657 is divided by 250?
157
Calculate the remainder when 351 is divided by 72.
63
Calculate the remainder when 803 is divided by 13.
10
Calculate the remainder when 154 is divided by 47.
13
What is the remainder when 212 is divided by 61?
29
What is the remainder when 1018 is divided by 30?
28
What is the remainder when 559 is divided by 50?
9
Calculate the remainder when 2447 is divided by 72.
71
What is the remainder when 108 is divided by 10?
8
What is the remainder when 559 is divided by 115?
99
What is the remainder when 799 is divided by 89?
87
Calculate the remainder when 1681 is divided by 839.
3
What is the remainder when 64 is divided by 37?
27
Calculate the remainder when 534 is divided by 250.
34
What is the remainder when 125 is divided by 95?
30
Calculate the remainder when 461 is divided by 102.
53
Calculate the remainder when 747 is divided by 746.
1
Calculate the remainder when 12994 is divided by 113.
112
What is the remainder when 2156 is divided by 27?
23
What is the remainder when 2100 is divided by 15?
0
Calculate the remainder when 377 is divided by 364.
13
Calculate the remainder when 155 is divided by 20.
15
What is the remainder when 1901 is divided by 68?
65
What is the remainder when 2220 is divided by 16?
12
What is the remainder when 700 is divided by 35?
0
What is the remainder when 354 is divided by 111?
21
Calculate the remainder when 1103 is divided by 142.
109
What is the remainder when 413 is divided by 22?
17
What is the remainder when 624 is divided by 58?
44
Calculate the remainder when 33 is divided by 21.
12
What is the remainder when 539 is divided by 12?
11
What is the remainder when 4361 is divided by 81?
68
Calculate the remainder when 718 is divided by 11.
3
Calculate the remainder when 542 is divided by 91.
87
Calculate the remainder when 158 is divided by 100.
58
What is the remainder when 2918 is divided by 39?
32
What is the remainder when 51 is divided by 9?
6
What is the remainder when 4553 is divided by 23?
22
What is the remainder when 274 is divided by 106?
62
What is the remainder when 313 is divided by 20?
13
Calculate the remainder when 34901 is divided by 63.
62
Calculate the remainder when 31370 is divided by 126.
122
What is the remainder when 9699 is divided by 313?
309
Calculate the remainder when 120 is divided by 42.
36
What is the remainder when 59 is divided by 16?
11
Calculate the remainder when 839 is divided by 7.
6
What is the remainder when 258 is divided by 144?
114
What is the remainder when 195 is divided by 11?
8
Calculate the remainder when 508 is divided by 38.
14
Calculate the remainder when 32 is divided by 23.
9
Calculate the remainder when 2291 is divided by 17.
13
What is the remainder when 752 is divided by 29?
27
Calculate the remainder when 3546 is divided by 74.
68
What is the remainder when 68 is divided by 41?
27
What is the remainder when 1084 is divided by 10?
4
What is the remainder when 71 is divided by 36?
35
Calculate the remainder when 1396 is divided by 20.
16
What is the remainder when 113 is divided by 16?
1
Calculate the remainder when 37 is divided by 25.
12
What is the remainder when 63 is divided by 15?
3
Calculate the remainder when 70 is divided by 19.
13
What is the remainder when 12047 is divided by 10?
7
What is the remainder when 81 is divided by 12?
9
Calculate the remainder when 184 is divided by 6.
4
What is the remainder when 3302 is divided by 56?
54
Calculate the remainder when 621 is divided by 302.
17
Calculate the remainder when 170 is divided by 87.
83
What is the remainder when 193 is divided by 20?
13
What is the remainder when 435 is divided by 106?
11
Calculate the remainder when 231 is divided by 14.
7
What is the remainder when 334 is divided by 8?
6
What is the remainder when 58 is divided by 12?
10
Calculate the remainder when 327 is divided by 33.
30
Calculate the remainder when 154 is divided by 23.
16
What is the remainder when 167 is divided by 84?
83
Calculate the remainder when 96 is divided by 26.
18
What is the remainder when 197 is divided by 4?
1
What is the remainder when 3905 is divided by 18?
17
What is the remainder when 127 is divided by 109?
18
What is the remainder when 29 is divided by 10?
9
Calculate the remainder when 2784 is divided by 63.
12
What is the remainder when 119 is divided by 18?
11
Calculate the remainder when 122 is divided by 25.
2